et a be 2/(-1 - (2 + (-76)/24)). Let s be (a*(-2)/(-15))/(12/150). Let b = s + -18. Let q(n) = -n**3 + 2*n**2 + 3*n - 3. What is q(b)?
3
Let b(j) = j**2 - 2*j**3 - j + 3*j**3 - 2*j**3 - 1. Let l(k) = -k**3 + 6*k**2 - 5*k - 1. Let x = 38 - 33. Let o be l(x). Calculate b(o).
2
Let a(g) = 178*g**3 - 8*g**2 + 90*g + 41. Let d(b) = -21*b**3 + b**2 - 11*b - 5. Let t(c) = 2*a(c) + 17*d(c). Calculate t(0).
-3
Let l(h) = 49*h**2 - 12*h**3 + 50*h**2 - 98*h**2. Calculate l(1).
-11
Let j(u) be the third derivative of 8*u**2 + 0*u + 0 - 1/12*u**4 + 1/60*u**5 + 0*u**3. Let b(r) = -r**3 + 39*r**2 + 127*r - 39. Let q be b(42). Give j(q).
3
Let s(o) = o**2 - 3*o + 1. Suppose -27*j + 6*j + 84 = 0. Suppose 13 = 3*u + 5*y - 19, 2*y = j*u - 8. Give s(u).
5
Let h(c) be the first derivative of c**3/3 - 3*c**2 - 11*c - 540. What is h(-2)?
5
Let l(u) = 6*u**2 - 42*u + 78. Let f be l(2). Let y(i) = -6*i**2 - 10*i - 21. Let c(g) = 5*g**2 + 11*g + 21. Let d(a) = 7*c(a) + 6*y(a). What is d(f)?
3
Let n(r) be the second derivative of 0 + 29*r + 7/6*r**3 + 1/12*r**4 - 5*r**2. What is n(-7)?
-10
Let b be (-52)/4 + (-680)/(-20). Let r(i) = -i**3 + 21*i**2 - 5. Determine r(b).
-5
Suppose -c = c + 3*x + 25, 0 = 4*c - 2*x + 26. Let f(h) be the third derivative of h**5/60 + 5*h**4/12 + 5*h**3/3 + 29*h**2 + 42*h. Determine f(c).
-6
Let h(u) = 7*u**2 + 17*u + 40*u**3 - 23*u - 9*u**2 + 5*u. Suppose 0 = 3*l + 2*l + 5. What is h(l)?
-41
Suppose -4*u = -3*d - 12, 5*d = -3*u - 28 + 8. Let z(r) be the third derivative of u*r + 0 - 8*r**2 + r**3 - 1/60*r**5 + 1/3*r**4. Give z(7).
13
Let w(d) = 3*d + 3*d**2 - d**3 + d - 6*d**2. Suppose -2*k - 13 = -i, -13*k + 5*i - 3 = 71. Determine w(k).
-12
Suppose 0 = 9*h + 23 - 4 - 1. Let b(a) = -a**2 - 9*a - 8. Give b(h).
6
Let v(b) be the second derivative of -b**5/20 + 23*b**4/12 - b**3/6 + 10*b**2 + 707*b. Calculate v(23).
-3
Let w(v) = -231 + 233 - v - 30*v**2 + 65*v**2 - 29*v**2 + v**3. Let m(j) = j**2 + 4*j - 3. Let y be (-4)/4 + -2*1. Let i be m(y). Give w(i).
8
Let x(h) = 9*h**2 + 9*h + 10. Let d(m) = -33*m**2 - 42*m - 43. Let i(v) = -2*d(v) - 9*x(v). Calculate i(1).
-16
Let j = -83 + 73. Let s(i) = i**3 - i - 1. Let x be s(2). Let m(f) = 18 - x + f + 4. Give m(j).
7
Let v(c) = -5 - 9*c - c**2 - 9 - 17 + 27. Suppose 0 = -4*k + 5*p - 14, k + p = 6*k + 28. Calculate v(k).
14
Suppose 7*s - 10 = 12*s, 3*j - 4*s = 20. Let d(f) = -f**3 + 4*f - 4. Calculate d(j).
-52
Suppose -2*z - 29 = -o, 65 = -6*z + z + o. Let k(v) be the first derivative of v**4/4 + 4*v**3 - 9*v - 14027. Give k(z).
-9
Suppose 0 = -4*v + 4*u - 40, -58 = 4*v - u - 27. Let x(k) = -3*k**2 - 15*k - 4. Calculate x(v).
-46
Let y(i) = -i**2 - 7*i - 8. Let w be 20 - (4 - 0 - 75/15). Let c be (-98)/w*3/2. Determine y(c).
-8
Let u(g) = g**3 + 10*g**2 + 1. Let p be u(-10). Let w(c) = c - c - p - 2 + 3*c. Let r be -1 + 5 + -4 - -2. Give w(r).
3
Let m(l) = -l**3 - 5*l**2 + 8*l + 10. Suppose 5*j + 35 = 2*a, -241*a = 4*j - 243*a + 30. What is m(j)?
-30
Let a be ((-242)/11)/(-1*1). Let v be 24 + 0 - -1 - (-1 - 2). Let k = a - v. Let q(m) = -m - 5. What is q(k)?
1
Let x = 194 + -192. Let k(w) = 58*w**2 + 5 - 5*w + w**3 - 23*w**x - 33*w**2. Give k(-4).
-7
Let o(b) = b**3 - b**2 - b + 2. Let c(z) = -2*z**3 - 14*z**2 + 17*z - 15. Suppose 0 = -82*u + 81*u + 1. Let h(s) = u*o(s) + c(s). Calculate h(-16).
-13
Let x(s) be the first derivative of s**4/4 - 2*s**3/3 - s**2 + s - 368. Give x(4).
25
Suppose 3*n = k - 3*k - 21, -2 = -k + n. Let z(i) = -50 - 2*i**2 + i + 51 - 4*i + 2*i - 3*i. Determine z(k).
-5
Let d(o) be the third derivative of 2*o**5/15 + 3*o**4/8 - 3*o**3/2 - 10976*o**2. Determine d(1).
8
Let g(m) be the second derivative of 1/3*m**3 + 3*m - 2 - 1/12*m**4 + m**2. Calculate g(4).
-6
Let q(j) be the first derivative of j**4/4 - 5*j**3/3 - 2*j**2 + j + 550. Suppose 21 + 11 = 5*b - 4*k, 3 = 3*b + 3*k. Give q(b).
-31
Let j(i) = -i + 9. Let z(n) = -n**3 - 15*n**2 + 56*n + 994. Let w be z(-14). What is j(w)?
-5
Let x(k) = -2*k**2 + 4*k. Let l be 520/26 + (-15 - 0). Determine x(l).
-30
Let i(w) = 13*w**3 + 2*w**2 + w. Suppose -3*s = s + s. Let f be (-4)/(-18) - (52/(-9) + s). Let h be (f - 8)/((-2)/(-1)). Give i(h).
-12
Let a(x) = -480*x - 481*x + 958*x + 18. Suppose g + 3*g - 47 = 3*d, d = -5. What is a(g)?
-6
Let o(m) be the second derivative of -11*m**3/6 + 29*m**2/2 - m - 289. Give o(1).
18
Let k(t) = 4*t - 7. Let d(y) = -y**2 - 12*y + 64. Let x be d(-16). Let p be x - 15/((-18)/(-6)). What is k(p)?
-27
Suppose -g - 34*p - 5 = -35*p, 2*g - 5*p - 14 = 0. Let l(i) = -i**2 - 17*i - 20. Determine l(g).
32
Suppose -59*g - 868 = -2*y - 57*g, -3*g = -4*y + 1732. Let r = y - 431. Let t(w) = 4*w - 1. Determine t(r).
-5
Let z(r) = 20*r - 27. Let t(o) = 45*o - 53. Let x(d) = -6*t(d) + 13*z(d). Give x(-3).
-3
Let f be (-2)/(-16) + 1333/248 + 25/10. Let a(t) = 15*t - 129. What is a(f)?
-9
Let u = -1171 - -2068. Let d(c) = 896*c**2 + 0*c + c - u*c**2 - c**3 - 5. What is d(0)?
-5
Suppose -3*g - g - 11 = -3*w, 0 = 5*w + 2*g + 25. Let b be (-9)/((-81)/42) + (-1)/w. Let h(q) = -q - 3*q + b*q - 3 - 2. Determine h(4).
-1
Let a(b) be the second derivative of 29*b**3/6 + 94*b**2 - 2253*b. Give a(-5).
43
Let n(i) = -678 + 338 - 5*i + 343 + i**2. What is n(1)?
-1
Suppose -2*v + 85 = -125. Suppose -3350*q = 5*d - 3352*q + 511, 0 = d + 4*q + 111. Let r = d + v. Let w(g) = -g**3 + 2*g - 2. What is w(r)?
-6
Let a(h) = -h + 2. Let v = -13 - 35. Suppose -5*r - 2214 = -r + 50*r. Let w = v - r. What is a(w)?
9
Let g(v) = -34*v**3 - 13*v**2 + 22. Let f(l) = 41*l**3 + 14*l**2 + l - 22. Let t(q) = 5*f(q) + 6*g(q). What is t(6)?
-20
Let l(k) = 33*k + 11. Let c be l(1). Let i(g) = c + g - 92 + 50. Give i(-4).
-2
Let w(u) be the second derivative of -4/3*u**3 + 0*u**2 + 0 + 62*u + 1/12*u**4. Determine w(8).
0
Let m(d) be the third derivative of d**5/60 - 7*d**4/24 + 5*d**3/2 - 2*d**2 - 203*d. Give m(3).
3
Let t(y) = 13 + 5*y - 35 - y**2 + 5 + 15 + 7. Calculate t(8).
-19
Suppose -114*n - 1439 = -299. Let d(h) = -2*h**2 - 25*h - 19. Calculate d(n).
31
Suppose d - 5*v - 6 = 0, 3*v = 4*d - 0*v + 10. Let l(r) = -r**2 - r + 16. Give l(d).
4
Let u(o) be the second derivative of o + 5 + 1/6*o**3 + o**2. Determine u(-3).
-1
Suppose -4*b + 5*w + 66 = 0, 30*w = -3*b + 27*w + 63. Let v(m) = -m**2 + 17*m + 19. Determine v(b).
-19
Let p(r) be the second derivative of 3*r**3/2 - 421*r**2/2 + 2*r - 2311. Determine p(47).
2
Let l(g) = -g - 2. Suppose -5*a + 30 = -3*a. Let n be (-10)/a*(-18)/4. Suppose 5*d + 2*b = -22, 4 - 2 = n*d + 5*b. What is l(d)?
4
Let w(p) = p**2 - 12*p - 10. Let v be (1 + 3 + -4)/2. Suppose 5*c - 80 = -3*t, 5*c - 7*t + 6*t - 60 = v. Determine w(c).
3
Let y = -1 + 2. Let d be 1*3 - 13/(-26)*674. Let u(r) = 0*r - 339 + 0*r - 4*r**2 + d. Give u(y).
-3
Let m(w) = -w**2 - 2*w - 5. Let q(n) = 2*n**2 + 74*n + 9. Let p(j) = -5*m(j) - q(j). What is p(21)?
-5
Let a = 79 + -73. Let w(m) = -m**2 + 11*m - 23. Let r be w(6). Let i(t) = 24 - 12*t + a*t + r*t. Give i(0).
24
Let f(m) = 9*m + 1. Let r(u) = -u - 18. Let d be r(-25). Let o be 15/(-2)*2/(-3). Suppose 2*s = d - o. Give f(s).
10
Let n be (-15)/2*8/(-10). Let d = -783 - -800. Let j(f) = -f**2 - 22 - d - 16 + 70 + 9*f - 21. Calculate j(n).
12
Suppose -31*m = -26*m + 5. Let x(z) = -3*z - 1. Let n be x(m). Let l(d) = -25 + 3*d + 4*d**n + 2*d**2 + 18 + d**3. Give l(-5).
3
Let c(g) = 15*g**2 + g. Suppose -5*a + 10 = 0, -2*a = 2*p + a - 40. Suppose -3*r = -5*o - p, -3*r + 16 = r. Calculate c(o).
14
Let q be 2*7*(30/(-20) + 4). Suppose -51*y + 44*y - q = 0. Let w(o) = o**3 + 5*o**2 - 4*o + 1. Determine w(y).
21
Let q be 0 + -3 + 7 - 6. Let l(j) = -194*j**2 + 9*j - 13. Let b(y) = 310*y**2 - 14*y + 20. Let x(c) = 5*b(c) + 8*l(c). What is x(q)?
-16
Suppose 3*t = -12, 2*x + 2239 = 5*x + 2*t. Let v = x - 756. Let b(n) = 2*n**2 + 11*n + 7. Calculate b(v).
28
Let b = 262 - 277. Let j(f) = 18 + f + 11 - 8. Calculate j(b).
6
Let h(j) = -j**3 + 6*j**2 + 6*j + 9. Suppose -5*w + 2 = -3*w, w = 4*x + 169. Let v = x + 49. Calculate h(v).
2
Let g(b) = 4*b + 13. Let k(w) = 11*w + 41. Let n(v) = 19*g(v) - 6*k(v). Give n(1).
11
Let v(p) be the third derivative of 11*p**5/60 - p**4/8 - 2*p**3/3 - 6413*p**2. Calculate v(-2).
46
Let p(q) = -30*q**2 + 83*q + 9. Let c be p(3). Let x(w) = w**2 + 13*w + 11. Giv